et z(p) = p**3 + 7*p**2 - 10*p - 27. Determine z(-7).
43
Let b(n) = n**3 + 23*n**2 - 37*n - 293. Calculate b(-24).
19
Let s(k) = 2*k**3 + 48*k**2 + 10*k + 261. Calculate s(-24).
21
Let t(k) = 36*k + 123. Give t(-3).
15
Let n(b) = -b**2 - 32*b - 257. What is n(-17)?
-2
Let g(p) = -p**3 - 10*p**2 - 10*p + 13. Calculate g(-8).
-35
Let n(i) = 16*i**2 + 7*i - 6. Calculate n(1).
17
Let r(l) = -192*l + 161. Determine r(2).
-223
Let i(y) = 4*y**2 - 16*y - 2897. What is i(29)?
3
Let d(y) = -12*y + 484. Calculate d(37).
40
Let c(j) = -52*j - 293. Give c(-3).
-137
Let r(q) = q + 179. Give r(-17).
162
Let r(h) = h**3 + 26*h**2 + 112*h + 137. What is r(-21)?
-10
Let k(f) = -f**2 + 9*f + 527. Calculate k(28).
-5
Let y(u) = -2*u**3 + 2*u**2 - 9*u - 19. Determine y(-2).
23
Let y(c) = -3*c**3 + 3*c**2 + 16*c + 15. What is y(-3)?
75
Let u(k) = 2*k**3 - 10*k**2 - 130*k + 43. Calculate u(11).
65
Let d(g) = g**2 - 18185*g + 163577. What is d(9)?
-7
Let t(i) = -i**3 + 71*i**2 + 901*i + 14. Calculate t(-11).
25
Let f(z) = 2*z**2 + 2103*z - 34146. Give f(16).
14
Let d(v) = -2777*v - 5556. Give d(-2).
-2
Let j(p) = 10*p - 29. Determine j(4).
11
Let h(k) = k**3 + 22*k**2 + 15*k - 29. Give h(-21).
97
Let i(k) = 3*k**2 - 171*k + 877. What is i(6)?
-41
Let k(d) = -d**3 - 2*d**2 + 30*d + 28. Give k(-6).
-8
Let a(f) = 204*f + 2243. What is a(-11)?
-1
Let x(w) = 17*w - 19. Calculate x(6).
83
Let g(s) = 7*s**3 - 87*s**2 + 13*s - 18. Calculate g(12).
-294
Let f(x) = -21*x + 173. Determine f(-6).
299
Let r(o) = -600*o**2 + 30*o - 31. What is r(1)?
-601
Let b(x) = 62*x - 2104. Give b(34).
4
Let z(v) = v**2 + 34*v - 240. What is z(-40)?
0
Let j(n) = 8*n**3 + 143*n**2 - 40*n + 52. What is j(-18)?
448
Let n(u) = 2406*u + 48120. Determine n(-20).
0
Let s(y) = 444*y + 1861. Determine s(-4).
85
Let v(t) = -125*t - 6246. Give v(-50).
4
Let p(b) = b**3 + 7*b**2 - 120*b + 32. Calculate p(7).
-122
Let p(h) = 4*h**2 + 69*h - 63. What is p(-19)?
70
Let t(z) = -7*z**2 - 890*z + 960. Determine t(-128).
192
Let m(l) = 4*l**2 + 112*l. Determine m(-28).
0
Let y(z) = z**2 + 23*z + 45. Determine y(-24).
69
Let y(i) = 2*i**3 - 31*i**2 + 13*i + 40. Determine y(15).
10
Let s(t) = t**3 - 30*t - 58. Give s(-5).
-33
Let u(h) = -h**3 + 9*h**2 + 2*h + 7. Determine u(4).
95
Let v(q) = 3*q**2 - 53*q - 22. Give v(18).
-4
Let d(j) = j**3 + 75*j**2 + 282*j - 168. Give d(-71).
-26
Let f(d) = 6*d**2 - 54*d + 4. Calculate f(9).
4
Let h(c) = -52*c**2 + 101*c - 1. Determine h(2).
-7
Let f(n) = -2*n**3 + 208*n**2 - 3*n + 326. What is f(104)?
14
Let n(u) = -9*u**2 + 4*u + 23. Calculate n(6).
-277
Let a(r) = 5*r**3 + 42*r**2 + 7*r - 45. Give a(-8).
27
Let k(y) = -2*y**2 + 100*y + 323. What is k(53)?
5
Let n(d) = d**3 - 7*d**2 - 7*d - 151. What is n(9)?
-52
Let i(x) = -4*x - 249. Give i(-47).
-61
Let v(m) = -1366*m - 1333. Give v(-1).
33
Let x(c) = 18*c - 432. What is x(30)?
108
Let f(t) = t - 85. Calculate f(95).
10
Let p(m) = -2*m**2 - 91*m - 1023. Calculate p(-21).
6
Let k(n) = 125*n + 201. What is k(-1)?
76
Let h(y) = -4*y**2 + 83*y - 212. Give h(18).
-14
Let n(h) = 1147*h - 8017. Calculate n(7).
12
Let b(n) = -2*n**2 - 56*n - 298. What is b(-20)?
22
Let o(c) = 26*c**2 - 50*c - 9. Give o(2).
-5
Let k(c) = c**2 + 3*c + 94. Determine k(0).
94
Let r(h) = 44*h**3 - h**2 + 3. Calculate r(2).
351
Let b(f) = -4*f**2 + 117*f - 135. Calculate b(28).
5
Let a(c) = 25*c - 416. Calculate a(10).
-166
Let j(n) = -n**3 - 7*n**2 + 448*n + 3142. What is j(-7)?
6
Let l(x) = -45*x + 1891. Calculate l(42).
1
Let u(q) = 744*q + 5959. Calculate u(-8).
7
Let c(v) = -v**3 - 96*v**2 - 94*v + 92. What is c(-95)?
-3
Let c(m) = -2*m**2 + 39*m - 177. Determine c(7).
-2
Let w(f) = -f**3 - 96*f**2 + 211*f + 750. Give w(-98).
-720
Let j(l) = -l**2 - 9*l + 29. What is j(-13)?
-23
Let c(t) = 87*t - 2158. Determine c(25).
17
Let i(h) = -23*h + 97. What is i(4)?
5
Let f(y) = -141*y + 415. Determine f(3).
-8
Let b(p) = -17*p - 73. Give b(-7).
46
Let q(h) = -21*h**2 - 2432*h + 486. What is q(-116)?
22
Let k(v) = -v**3 + 18*v**2 + 83*v - 24. What is k(20)?
836
Let v(x) = 37*x**2 - 243*x + 123. Determine v(6).
-3
Let a(n) = 5*n**2 - 108*n + 223. What is a(2)?
27
Let o(u) = -11*u - 395. What is o(-38)?
23
Let a(s) = -2*s**2 - 103*s - 1303. Calculate a(-23).
8
Let p(t) = t**3 + 32*t**2 - 26*t - 843. Determine p(-32).
-11
Let u(l) = -l**3 - 11*l**2 - 18*l - 195. Calculate u(-11).
3
Let d(j) = j**3 + 10*j**2 + 12*j + 18. Calculate d(-8).
50
Let c(u) = -u**2 - 9*u + 66. Calculate c(20).
-514
Let f(q) = -2*q**2 + 51*q + 625. What is f(-9)?
4
Let m(j) = j**2 - 374*j + 3653. Give m(10).
13
Let u(o) = 3*o**3 - 32*o**2 - 445*o + 11. Give u(-8).
-13
Let a(n) = 9*n**2 - 905*n + 1379. Give a(99).
-7
Let r(k) = -20*k - 122. Give r(-8).
38
Let u(y) = -y**2 - 21*y + 880. What is u(21)?
-2
Let c(m) = m**3 - 50*m**2 + 51*m - 105. Calculate c(49).
-7
Let o(g) = 9578*g - 28719. Calculate o(3).
15
Let m(w) = -57*w + 444. Give m(8).
-12
Let y(m) = -m**3 + 2*m**2 - 36*m + 216. Give y(5).
-39
Let f(x) = -213*x - 16408. What is f(-77)?
-7
Let q(x) = x**3 - 39*x**2 + 36*x + 4. Give q(38).
-72
Let v(y) = 11*y + 480. Determine v(-33).
117
Let m(s) = 46*s + 302. Give m(-9).
-112
Let r(s) = -s**2 - 101*s - 2397. Calculate r(-38).
-3
Let j(i) = 126*i + 10822. Calculate j(-86).
-14
Let w(n) = n**2 + 54*n + 398. Calculate w(-10).
-42
Let x(p) = -54*p + 1284. What is x(24)?
-12
Let b(d) = d**3 + d**2 + 4*d + 36. Determine b(-3).
6
Let x(a) = -a**2 + 14*a - 2. Calculate x(19).
-97
Let b(v) = 54*v - 117. Give b(8).
315
Let o(c) = -5*c - 177. Give o(-38).
13
Let h(m) = -5*m - 64. Give h(-14).
6
Let r(d) = -9*d**2 + 19*d + 338. What is r(-6)?
-100
Let r(s) = 90*s + 1802. Give r(-20).
2
Let q(k) = 26*k - 117. What is q(7)?
65
Let n(l) = -2*l**3 + 27*l**2 - 28*l + 550. What is n(15)?
-545
Let t(z) = z**3 - 42*z**2 - 363*z + 932. What is t(49)?
-48
Let o(s) = -85*s + 6. Calculate o(-1).
91
Let h(v) = 20*v**2 - 715*v - 2164. Calculate h(-3).
161
Let u(f) = -9*f**3 - 6*f**2 + 6*f + 18. Determine u(-2).
54
Let s(v) = -18*v + 173. Give s(12).
-43
Let l(j) = -469*j - 553. Determine l(-1).
-84
Let y(c) = 5*c**2 - 20*c + 20. Give y(4).
20
Let u(v) = 36*v - 500. Give u(10).
-140
Let n(w) = -15*w - 177. Determine n(-12).
3
Let f(g) = -g**3 + 7*g**2 - 8*g + 15. What is f(7)?
-41
Let k(b) = -b**3 + 7*b**2 - 40*b + 141. Calculate k(5).
-9
Let n(g) = g**2 - 28*g + 96. Determine n(10).
-84
Let n(v) = v**2 + 31*v + 174. Determine n(-14).
-64
Let f(x) = 4*x**3 - 108*x**2 + 5*x - 162. Calculate f(27).
-27
Let z(r) = r - 70. What is z(96)?
26
Let y(o) = o**3 - 9*o**2 + 12*o - 9. Give y(7).
-23
Let r(z) = -17*z - 286. What is r(-15)?
-31
Let r(y) = -59*y + 3499. Give r(51).
490
Let v(y) = 17*y**2 - 3*y - 5. Determine v(-2).
69
Let j(y) = -y**3 + 50*y**2 - 94*y - 96. Give j(48).
0
Let v(y) = -6*y**3 + 97*y**2 + 82*y + 8. What is v(17)?
-43
Let i(j) = -j**3 + 85*j**2 + 49*j - 11176. What is i(84)?
-4
Let q(k) = k**2 - 131*k + 2487. Determine q(23).
3
Let o(r) = 5*r**3 - 39*r**2 - 12*r + 37. Calculate o(8).
5
Let t(j) = j**3 - 6*j**2 + 99*j - 912. What is t(8)?
8
Let j(c) = -42*c**2 - 1047*c - 1. Give j(-25).
-76
Let l(n) = -57*n - 554. Give l(-8).
-98
Let d(f) = 11*f**2 - 48*f + 26. What is d(4)?
10
Let i(m) = -24*m**2 + 23*m - 20. What is i(1)?
-21
Let p(s) = -s**3 - 3*s**2 - 4*s + 11. Give p(-5).
81
Let q(j) = -16*j**3 - 8*j**2 + 48*j - 77. What is q(2)?
-141
Let h(j) = -5677*j - 51102. Calculate h(-9).
-9
Let y(l) = 109*l**2 + 300*l - 890. What is y(3)?
991
Let i(l) = 1076*l + 19317. Calculate i(-18).
-51
Let r(d) = d**3 + 141*d**2 - 290*d - 561. Determine r(-143).
11
Let r(s) = 10*s**2 + 809*s - 290. What is r(-81)?
-209
Let b(c) = 98*c + 164. Determine b(-4).
-228
Let h(s) = -2*s**3 + 32*s**2 + 83*s - 832. Give h(17).
1
Let w(c) = c**3 - 33*c**2 - 429*c + 11556. Calculate w(36).
0
Let q(y) = -y**3 + 7*y**2 + 11*y + 12. Give q(8).
36
Let d(c) = c**3 + 54*c**2 + 159*c + 96. What is d(-51)?
-210
Let n(p) = -3*p**2 + 4465*p + 17900. What is n(-4)?
-8
Let f(w) = -w**2 + 93*w + 593. Give f(-6).
-1
Let a(f) = f**3 - 19*f**2 + 31*f + 42. What is a(17)?
-9
Let b(f) = f**2 + 28*f - 30. What is b(-20)?
-190
Let h(v) = v**2 - 6*v + 11. Determine h(3).
2
Let m(k) = k**2 + 72*k - 3045. Calculate m(29).
-116
Let o(b) = -